0 = 0. What is the greatest common factor of k and 280?
40
Let g be 6 - 288/45 - (-3422)/5. Calculate the highest common divisor of 96 and g.
12
Let k(d) = -4*d**2 + 4. Let j be k(1). Suppose -4*a + 2*t = -738, j = -7*a + 12*a + 5*t - 915. Calculate the highest common factor of a and 8.
8
Let p be 20 + (-5)/(-35)*91. Suppose -f + 271 = -4*g + 2121, 4*f - 1840 = -4*g. Calculate the greatest common divisor of g and p.
33
Suppose -5*h + 2051 = -12*j + 16*j, -j = -2*h + 810. Let f = -332 + h. What is the greatest common divisor of f and 90?
15
Let p = 136 + 88. Let g be (-47)/((-188)/72) - (-2 + -8). Calculate the highest common divisor of g and p.
28
Suppose -7 = 8*u + 1. Let g be 736/(-230)*(2 + 12/u). What is the greatest common divisor of 4 and g?
4
Let r = -1645 + 2637. Calculate the highest common factor of 48 and r.
16
Suppose 14*j - 18*j = 3*b - 43, -5*j + 44 = 3*b. Let s = b - -26. Calculate the greatest common factor of 143 and s.
13
Suppose 143*w - 221*w = -16848. What is the greatest common divisor of 513 and w?
27
Let d(z) = -3*z**2 - 79*z - 218. Let p be d(-19). What is the highest common divisor of 2275 and p?
25
Let n be ((-129)/9 + 0)*(-9 - -6). Suppose n*j = 40*j + 735. What is the highest common divisor of 98 and j?
49
Let u(q) = -3 + 7 - 8*q + 6 - 1. Let f be u(0). Let i be 18/(-15)*(2 - 318/f). What is the highest common factor of 8 and i?
8
Let h = 69 - 85. Let f be 2/5 + (-124)/10. Let s = f - h. What is the greatest common factor of s and 44?
4
Let v be (-3)/(-3) + 1 + -1. Let x be -12*v*6/(-8). Suppose 551 = 77*b + 224 - 366. What is the greatest common divisor of b and x?
9
Let q = 530 - 530. Suppose 19*h - 17400 + 4765 = q. What is the highest common factor of h and 38?
19
Let g(o) = 5*o + 30. Let j be g(-11). Let t = -23 - j. Let i be (t/((-8)/18))/(54/(-288)). What is the highest common divisor of i and 72?
24
Let d be (-2)/3*(-3369)/2. Let i = d - 525. Calculate the highest common divisor of i and 46.
46
Let j = 409 + -299. Suppose 3*y = 5*r - 2*r + 468, -2*y + 5*r = -318. What is the greatest common divisor of j and y?
22
Let r(s) = -39*s + 4. Let l be r(-3). Suppose -15102*i + 3135 = -14817*i. Calculate the greatest common factor of l and i.
11
Let c = 123 - 72. Suppose 0 = y - 39 - c. What is the greatest common factor of y and 810?
90
Let f = 670 + -667. Suppose -2031 = -f*n - 141. Calculate the highest common divisor of n and 140.
70
Let a(r) = -18*r**2 + 2269*r + 124. Let w be a(126). What is the highest common divisor of 14125 and w?
125
Let r be ((-21275)/(-20))/((-9)/(-4) - 2). What is the greatest common factor of 23 and r?
23
Let m(s) = 2*s**2 + 7*s. Let p be m(-6). Suppose -5*j + 805 = -4*h, -2*h - 98 = -108. Calculate the highest common factor of j and p.
15
Let t = 1116 - 1101. Suppose 0 = -3*k - 4*y + 12, -3*k + 4 + 8 = -y. Let u be (-3)/k - 412/(-16). What is the highest common divisor of u and t?
5
Let n = -569 - -1238. Let i = n + -652. Suppose -258 = -2*d + 14. Calculate the highest common factor of i and d.
17
Suppose 5*o = -x + 487 + 505, x = -3*o + 596. What is the greatest common factor of o and 78?
6
Suppose 59*t + 7793 = -79*t + 20351. Calculate the greatest common factor of 15743 and t.
91
Let k = -152 + 69. Let r = 91 + k. Suppose 31 = 5*u - 9. What is the highest common divisor of r and u?
8
Let p = -78 - -297. Let l = 156 - p. Let h = l + 67. Calculate the highest common factor of 32 and h.
4
Let r be 447/4 + (-8)/(-32). Let i = 5 - 5. Let s(v) = v + 14. Let k be s(i). What is the greatest common factor of k and r?
14
Let i(v) be the first derivative of v**3/3 + 5*v**2 + 12*v - 1. Suppose 14*p + 3*p + 153 = 0. Let h be i(p). What is the highest common divisor of h and 6?
3
Let r(m) be the third derivative of m**6/120 + 31*m**5/60 - 4*m**4/3 + 71*m**3/6 + m**2 + 18. Let v be r(-32). What is the highest common divisor of v and 1?
1
Let p(b) = 2*b**3 - 11*b**2 - 17*b - 70. Let y(v) = -57*v + 352. Let w be y(6). Let x be p(w). Calculate the greatest common factor of x and 55.
55
Let r = -7654 - -9546. Calculate the greatest common divisor of r and 301.
43
Let h(r) = r**3 + 47*r**2 + 187*r + 854. Let q be h(-43). What is the greatest common divisor of 4541 and q?
19
Let q(l) = -9*l + 36. Let t be q(4). Let z be -1 + (48 - t) + 3. Calculate the highest common factor of z and 950.
50
Suppose 4*v = 6*v + 3*h + 1, 5*h + 5 = -5*v. Let k be 478/8 + ((-14)/8 - v). Calculate the greatest common factor of 240 and k.
60
Let k(x) = -x**3 - 66*x**2 - 5*x + 291. Let i be k(-66). Calculate the highest common factor of i and 216.
27
Let y = 269 + 2162. What is the greatest common factor of y and 13?
13
Let h(v) = 1131*v**2 + 3*v + 6. Let t be h(-2). Suppose 5*a + 1906 = -t. Let x be (-5)/(-15) + 3/((-9)/a). Calculate the highest common factor of 39 and x.
39
Let m be (-5)/(-3)*(68 - -3 - 17). Calculate the greatest common divisor of m and 144.
18
Let b = 85 - -570. Let j = 685 - b. What is the greatest common factor of j and 35?
5
Let s(u) = 11*u - 14. Let a be s(5). Let r = a + -33. Suppose 0 = -32*p + 10*p + 176. Calculate the greatest common factor of r and p.
8
Let f(l) = 2*l**2 + 56*l + 116. Let h be f(-26). Suppose -69 = -4*y - 5*i, -h = -y - 5*i - 6. Calculate the highest common divisor of 28 and y.
7
Suppose 4*y - 5*t = 129, 0 = 4*y - 6*y - 5*t + 27. Suppose 4*l - 109 = -2*m + 299, 2*l = 4*m + 224. What is the greatest common divisor of l and y?
26
Suppose 4*r = -207 - 21. Let f be (1*-1)/(r/27 + 2). Let d be f/15 + (-210)/(-25). What is the highest common divisor of 63 and d?
9
Suppose 0 = -7*c + 179 + 127 - 194. What is the greatest common factor of 2384 and c?
16
Suppose 0 = a + d, -4*a + 8*d = 5*d - 28. What is the greatest common factor of 328 and a?
4
Suppose 2*f - 9 = y, -5*y + 2*y - 2*f = 67. Suppose -30 = -d + 22. Let g = y + d. Calculate the highest common factor of g and 99.
33
Let p be (-9)/2*(-680)/(-51). Let u be (4/(8/(-90)))/(15/p). What is the highest common factor of u and 108?
36
Let m = 1370 - -3214. Calculate the greatest common factor of 191 and m.
191
Let s = 41358 + -15254. What is the highest common factor of 13 and s?
13
Suppose 0 = 5*r - 8*r + 2*o + 27, 4*o = 5*r - 47. Suppose 4*d + 4*v - 3*v - 49 = 0, 0 = d + 2*v - r. What is the greatest common divisor of 247 and d?
13
Suppose 0 = -c + 4*q + 34, -c = 2*c - 3*q - 84. Let l = 62 - c. Let t = 137 + -47. What is the highest common divisor of l and t?
18
Let i(p) = p**2 - 52*p - 685. Let l be i(75). Calculate the greatest common divisor of 182 and l.
26
Let a(v) = v**3 - 10*v**2 - 10*v - 8. Let p be a(11). Suppose 0 = -4*c - 5*n + 19 + 36, p*n - 85 = -5*c. Calculate the greatest common factor of 170 and c.
10
Suppose 5*y = -15 + 215. Let t = -40 + y. Suppose 5*f - 3*f - 22 = t. What is the highest common divisor of f and 22?
11
Suppose 4*k + 687300 = 178*k. What is the highest common divisor of k and 316?
158
Suppose -3*y + 2877 = 5*t - t, 0 = -5*y - 5*t + 4800. Suppose -324 = -3*v + y. Let u be 13/3*(31 + -22). What is the highest common factor of u and v?
39
Let p = -37 + 39. Suppose 6*k = p*k + 16. Suppose k*v = 133 + 67. Calculate the highest common divisor of 10 and v.
10
Suppose 3*d = 213*x - 214*x + 28, 2*x - 46 = -5*d. What is the highest common divisor of d and 12260?
10
Let s(f) = f**2 - 9*f + 9. Let m = -144 - -124. Let a be s(m). What is the highest common factor of a and 19?
19
Let q be 83/3 + 2/(-3). Suppose 87 = 61*l + 26. Let i be 2/((2 - l)/(87/58)). Calculate the greatest common factor of q and i.
3
Suppose -4*o = 13*o - 2550. Suppose 0*l + 3*n = -5*l + 150, 0 = -5*l - 5*n + o. Calculate the highest common factor of l and 390.
30
Let s(z) = -z - 2. Let v be s(-12). Suppose -3*f = -v*f + 161. Let w(p) = 11*p - 9. Let m be w(5). Calculate the greatest common divisor of m and f.
23
Suppose 9 = 3*n - 2*v, -7*n + 3 = -6*n - 5*v. Suppose 3*j - 153 = -4*x, 4*j - 5*j - 131 = -n*x. Calculate the highest common divisor of 56 and x.
14
Suppose 2*b - 7509 = 5*s, -2*s - 7518 = 22*b - 24*b. What is the greatest common divisor of 264 and b?
66
Suppose -10 = -15*z + 13*z, 3*l - 3*z = 3. Let u be 332/16 - (-6)/(-8). Suppose -l*h = -2*h - u. Calculate the highest common divisor of 35 and h.
5
Let h(o) = o. Let w be 4/((-10